2 - 34*u + 9. Let o(q) = 6*m(q) - 7*x(q). Determine o(0).
-16
Let n(h) = 115 - h + 17 - 129. Suppose 3*q + 12 = -30. Let r = -8 - q. Give n(r).
-3
Let v(d) = -d**2 + 15*d. Let y(c) = 8*c + 5*c - 11*c + 4. Let s(u) = 3*u + 3. Let x(w) = 4*s(w) - 3*y(w). Let p(j) = 6*v(j) - 15*x(j). Give p(-1).
-6
Let p be 4/30 + (-2392)/390. Let j(z) = -z**3 - 6*z**2 + 2*z + 9. Calculate j(p).
-3
Let o(r) = -8*r - 1. Let v(z) = 3*z. Let t(f) = 2*o(f) + 5*v(f). Give t(0).
-2
Let m(o) = o**3 - 6*o**2 + 7*o - 8. Let x = -728 - -733. Determine m(x).
2
Let v(b) = 6*b + 1. Suppose -3*q + 2*o + 4 = -14, -3*q = -o - 15. Suppose 16 = q*k, k - 9 = 5*a - 0. Determine v(a).
-5
Let s(g) = g**3 - 6*g**2 + g + 1. Suppose -5*p - 4*y - y = -150, p + 4*y = 36. Suppose -5*w = -3*f - 15, f - 9 + p = 4*w. Calculate s(w).
7
Let h(v) = 6*v + 78. Let q be h(-12). Let d(y) = y**3 - y**2 + y + 1. Let c(j) = 2*j**3 - 8*j**2 + 7*j - 3. Let o(u) = c(u) - d(u). Calculate o(q).
-4
Suppose 3*u = 29 - 20. Let a(b) be the second derivative of -b**4/12 + b**3/3 - 2*b. What is a(u)?
-3
Let o(i) = i**2 - 9*i + 8. Suppose 27*k + 100 = 37*k. Give o(k).
18
Let g(x) = -7*x**2 - x - 1. Let q be g(-1). Let b(c) be the first derivative of -c**4/4 - 7*c**3/3 + 61. Give b(q).
0
Let i be 96/(-176) - 525/(-55). Let j(u) be the third derivative of 1/60*u**5 + 2*u**3 + 0 - i*u**2 - 11/24*u**4 + 0*u. Determine j(9).
-6
Suppose -5*u = -23 + 63. Let p = -14 - u. Let n(m) = 52*m + m**2 - 24*m - 23*m + 6. Determine n(p).
12
Let w(d) = 8*d**2 - 12*d - d + 20*d**2 - 10*d**2 - 2*d**3 - 18. What is w(8)?
6
Let k = -393 + 395. Let b(h) be the first derivative of h**3/3 - 5*h**2/2 + h - 1. What is b(k)?
-5
Suppose 0 = -5*g + 2*g + 6. Let a(k) = -3*k - 4*k + 1 + 2*k - k**g. Suppose 8 = -2*q - 4. Calculate a(q).
-5
Let a = 7 - 2. Let i(d) be the first derivative of d**5/120 - d**4/12 + d**3/3 - 1. Let o(v) be the third derivative of i(v). Determine o(a).
3
Suppose -3*r = -3*l - 45, -17*r = -12*r + l - 63. Let w(x) = x + 3. Give w(r).
16
Let o(m) = -3*m**2 - 13*m - 6. Let z(y) = -4*y**2 - 19*y - 9. Let c(i) = -7*o(i) + 5*z(i). Let p be (-10)/(-55) - 84/(-22). Let a be (0 - -4)*5/p. Give c(a).
2
Let z(b) = 54*b**3 + 12*b**2 - 7. Let p(n) = 81*n**3 + 19*n**2 - 11. Let x(o) = -5*p(o) + 8*z(o). What is x(-1)?
-27
Let p = 59 - -26. Let z(a) = 82 - 169 - 5*a + p. Give z(2).
-12
Let d(r) be the third derivative of -r**5/60 - r**4/8 + r**3/3 + 5*r**2. Determine d(1).
-2
Let q(g) = 24*g - 18. Let u be q(1). Let j(p) = p**2 - 6*p - 6. What is j(u)?
-6
Let c = 12 - 2. Suppose 4*i + c = -6. Let j(g) = g - 10. Let p(r) = 1. Let v(f) = 2*j(f) + 22*p(f). Calculate v(i).
-6
Let b(o) = -o. Let q(n) = 15*n + 62. Let h be q(-4). Determine b(h).
-2
Let s(u) = -96*u + 32*u + 31*u + 36*u. Let f(n) = -n**3 + 3*n**2 - 2*n - 2. Let x be f(2). What is s(x)?
-6
Let h be 5/((-15)/9) + 7. Let q(i) = -i**2 + 3*i. Determine q(h).
-4
Let r be (6 - -38)*(-1)/(-2). Suppose 0 = x + x - 4*d - 12, -2*d - r = -5*x. Suppose -x*h = -13 - 3. Let m(s) = -s + 3. What is m(h)?
-1
Let g(h) = -h + 3. Suppose -5*u = -9*u + 64. Let m(z) = 11*z + 3. Let l be m(-2). Let s = u + l. Determine g(s).
6
Suppose -1 = 3*z + 2*v - 0, 0 = -5*z + 5*v + 15. Let r be (4 + z)*8/10. Let o(p) = 7*p**2 - 6*p. Let j(q) = q**2 - 1. Let d(s) = -6*j(s) + o(s). Give d(r).
-2
Suppose 4*i - x = 9, 0 = -0*i - 3*i - 5*x - 22. Let o be 5*(0 - (-4)/4). Let d(w) = -7*w - 4 + 0*w + o. Calculate d(i).
-6
Let q(n) = n**3 + 7*n**2 + 7*n + 9. Let j be q(-6). Suppose 42*k - 46*k = 0. Let a(d) = -3*d + k*d - 3 + 0*d**3 - d**j + 0*d**2 - 3*d**2. Calculate a(-2).
-1
Suppose 3*s = -3*q + 27, s = -s + 3*q - 7. Let p(j) be the second derivative of 5*j - 1/6*j**s - 3/2*j**2 + 0 - 2/3*j**3. Give p(-2).
-3
Let s(r) be the first derivative of -r**2/2 - 5*r + 199. Calculate s(8).
-13
Let c(u) = 2*u + 3. Let a(s) = s**2 - 6*s + 12. Let n be a(6). Suppose -n = 3*l - 3. What is c(l)?
-3
Suppose -3*g - 34 = -4*y, 0 = -g + 4*g + y + 14. Let h be ((-2)/4 + 2)*(-28)/g. Let b(x) be the second derivative of x**3/3 - 3*x**2 + x. Give b(h).
8
Let z(g) = 222 - 421 + 189 - 2*g. Let r(c) = c**3 + 6*c**2 - 8. Let o be r(-6). Give z(o).
6
Let v(i) = i**2 - 13*i + 16. Let n(d) = d**2 - 36*d - 688. Let l be n(-14). Determine v(l).
4
Let w(q) = 2*q - 3. Suppose 4*u - 3*h = -68, 3*h = 4*u + h + 72. Let z be 6/(-9) - u/3. Give w(z).
9
Let j(n) = 2*n**2 - 2*n - 2. Let f be 0/5 - (-1 - -6)/(-1). Suppose 0 = b + 3*b - 5*t + 17, 5*b - f = t. Give j(b).
2
Let v(r) = -r**2 + 3*r - 2. Suppose 2*a + 20 = -5*c - 2*a, -4*c + 25 = -5*a. Let u be 5 + (-1 - c) - 0. Give v(u).
-6
Let g(h) = 0*h**2 - h**2 - 4*h - 6*h - 18. Let p be g(-6). Let r(s) = -s**3 + 5*s**2 + 8*s - 6. Give r(p).
6
Let d(c) = -c + 262*c**2 - c**3 - 267*c**2 + 41 - 43. Determine d(-6).
40
Let q be (1 + 3 - -1) + 4. Let g(n) = 3*n - 13. Calculate g(q).
14
Let d(o) = 1. Let u(y) = -3 - 2 + 9*y**2 - 2 - 5*y - y**3 - 2*y. Let p be u(8). Let r(g) = 2*g + 9. Let w(b) = p*r(b) - 5*d(b). Calculate w(-4).
-4
Let n(v) = v**2 + v + 3. Let r(o) = -7*o**2 + 3*o. Let s(c) = n(c) + r(c). Determine s(-2).
-29
Let s(t) = -t**2 - 10*t - 18. Let d be (-45)/(-2)*(-4)/3. Let n be (80/d)/(1/3). Let v be s(n). Let g(c) = -c + 2. Determine g(v).
4
Let y(u) = 35*u. Let t be 76/(41 - 22) + -6 + 1. Calculate y(t).
-35
Let r(y) = 3*y**2 + y. Let u be r(1). Let n(j) = 2 + j + 3 - 3 + 3. Give n(u).
9
Let z = -92 - -94. Let t(y) be the second derivative of 1/6*y**3 + 2*y**2 + 0 - z*y. Give t(0).
4
Suppose -3 = -2*j + 7. Suppose 3*f - 2*d = -0 - 1, -3*f + j*d = 7. Let v(b) = -4*b**2 - 2*b + 1. What is v(f)?
-5
Suppose -15 = m - 4*m, -2*m + 10 = -h. Let x be h + -3 + (9 - 2). Let v(i) = i**3 - 3*i**2 - i + 4. Give v(x).
16
Let y(s) = -17*s**2 - 12*s + 5. Let b(p) = 4*p**2 + 3*p - 1. Let f(o) = 26*b(o) + 6*y(o). Calculate f(-4).
12
Let r(b) = -3 + 3*b - b**2 + 0 + 0 + b**3. Let n be (-8)/(-6)*(-12)/(-8). What is r(n)?
7
Suppose -42*v - 207 = 27*v. Let r(t) = -2*t**2 - 2 + 0*t**2 + 4*t**2 + t**3. Calculate r(v).
-11
Let m(n) = -7*n**2 + n. Let x be m(1). Let o = x - -5. Let u(l) be the first derivative of -l**4/4 - l**2/2 - l - 34. What is u(o)?
1
Let u be 288/(4 - 2)*10/(-15). Let d = -95 - u. Let f(v) = -4*v. Calculate f(d).
-4
Suppose 0 = 3*h + h + 20. Let u(j) = -8*j**2 - 5*j + 3. Let z(d) = -7*d**2 - 5*d + 2. Let i(f) = h*u(f) + 6*z(f). What is i(-3)?
-6
Suppose -5*g = 2*g + 49. Let o(n) be the third derivative of -n**4/24 + n**3/6 + n**2. Give o(g).
8
Suppose 1503*r + 40 = 1493*r. Let a(s) = 4*s + 6. Give a(r).
-10
Let o(s) be the third derivative of s**6/24 + s**5/60 + s**4/24 + s**3/6 - 38*s**2. Determine o(-1).
-4
Let b(x) = 2*x**2 + 723*x + 2 - 723*x. Calculate b(-2).
10
Suppose 0 = c - 2*w + 1, 6 - 2 = -c - w. Let k(o) = -o**2 + 3. Give k(c).
-6
Let g(y) = y - 2. Let c = -39 - -27. Let u = 15 + c. Calculate g(u).
1
Let r(a) = -31*a**2 - a + 1. Suppose 0 = -115*n + 121*n + 6. Give r(n).
-29
Let u(q) be the second derivative of q**5/20 - q**3/3 + q**2/2 + q + 57. Determine u(2).
5
Let v(t) = 3*t**3 + 5*t + 95 + 9*t**2 - 96 - 4*t**3 + 2*t**3. What is v(-8)?
23
Suppose 0*f + 3*q = -2*f + 15, -20 = -5*f - 4*q. Suppose -2*w + 3*r + 0*r + 21 = f, -w + 2*r + 12 = 0. Let g be 4/(-3)*(-9)/w. Let v(l) = -6*l + 3. Give v(g).
-9
Let o(y) be the second derivative of y**5/20 + y**4/12 - y**3/6 + 7*y**2 + y. Let a(c) = 23*c + 7 + 16*c - 32*c. Let w be a(-1). Give o(w).
14
Suppose 3*s + 6 = 0, -s = 53*q - 51*q + 20. Let h(k) = 3*k + 31. Give h(q).
4
Let m(d) be the first derivative of d**4/4 - 4*d**3/3 - 3*d**2/2 - 4*d + 17. Suppose -15 + 40 = 5*r - 4*y, -3*r + 15 = 3*y. Determine m(r).
6
Let r(y) = 45 + 3*y - 6 + 32 + 10 - 15. Calculate r(-20).
6
Let p(r) be the second derivative of -r**3 + r**2 + 4*r. Let v(o) = o. Suppose 4*j - 3*j = 8. Let z(x) = j*v(x) + p(x). What is z(2)?
6
Let i be ((-45)/(-10))/(((-18)/8)/(-3)). Let h be 1*(2 - 3) + 3. Let l(z) = 4*z - 3*z + 3*z**2 + h*z + i - 4*z**2. Calculate l(5).
-4
Let c = -18 - -23. Suppose 22 - 47 = c*y. Let n(u) = -3*u - 4. Give n(y).
11
Suppose 42*y = -560 + 140. Let o(x) = -x**3 - 11*x**2 - 7*x + 23. Give o(y).
-7
Let p(v) = 6 - v + 9*v - 2*v. Let t be p(-2). Let b(c) = -c - 4. Give b(t).
2
Let b(y) = 5 + 0 + 0 + 0 + y. Suppose 0 = -c + 3 - 6. Give b(c).
2
Suppose